2*s - 31, 2*k = -s + 13. Let i = s + 6. List the prime factors of i.
13
Let r(h) = 4*h**2 - 3 + 6 - h**3 + 7*h - 9. List the prime factors of r(5).
2
Let h(p) = -5*p**2 + 7*p**2 + p**3 - 2*p + 4*p**2 - 3 - 3. List the prime factors of h(-6).
2, 3
Let n(p) = 1. Let t(u) = -u + 3. Let v(z) = -8*n(z) + 3*t(z). List the prime factors of v(-7).
2, 11
Suppose 336 = 13*r - 7*r. List the prime factors of r.
2, 7
Suppose -4*g = -8 - 0. What are the prime factors of g?
2
Suppose -5*l + 3*l = -50. Suppose -2*r + 3*t + 15 = 0, r - l = 3*t + 2*t. Suppose -2*o - 5*d + 0*d + 24 = r, -5*d = 0. What are the prime factors of o?
2, 3
Let h(y) = 11*y**2 + 2*y + 1. Let n be h(-1). Let u be (-3)/5 - (-256)/n. Suppose q - 27 = -4*g + u, 0 = -q + 4. What are the prime factors of g?
2, 3
Suppose -5*o + 20 = -o. Suppose 12 = 5*g + o*q - 8, -14 = -g + q. List the prime factors of g.
3
Suppose s - 4*o - 8 = 0, -3*s - 5 = -4*s + o. Suppose -g + s + 13 = 0. What are the prime factors of g?
17
Suppose -13*s + 11*s + 84 = 0. What are the prime factors of s?
2, 3, 7
Suppose 37 = 2*k - h - 319, -2*h = -4. What are the prime factors of k?
179
Suppose -5*l - 5*u - 30 = 0, 9 = -4*l - u - 15. Let w(o) = 7*o**2 - 3*o**3 + 4*o**3 + o + 3 + 5*o. List the prime factors of w(l).
3
List the prime factors of (-1)/((-345)/170 - -2).
2, 17
Suppose 0*c = 4*c + 4. Let n be (c + 3)/((-8)/(-20)). Suppose -5*a - 10 = -n*l, 7*a - 5*a - 21 = -3*l. What are the prime factors of l?
5
Suppose 0 = 6*i - 155 - 43. What are the prime factors of i?
3, 11
Suppose 2*g + 9 + 9 = 0. Let b = 34 + g. Let l = -13 + b. List the prime factors of l.
2, 3
Let b(z) = -3*z - z**3 + z + 8*z**2 - 3*z. Let s = 26 - 19. List the prime factors of b(s).
2, 7
Let p(u) be the third derivative of u**6/120 + 7*u**5/60 + u**4/12 - 4*u**3/3 + u**2. What are the prime factors of p(-6)?
2
Suppose 2*f + 4*x + 2 + 6 = 0, -x - 9 = -3*f. Suppose 0*g + 134 = 4*p + 3*g, -p + f*g = -28. List the prime factors of p.
2
Let p = 47 - 26. Let i(q) = q**2 - 2*q - 1. Let y be i(-1). Suppose 0 = y*a - 1 - p. What are the prime factors of a?
11
Let g = 22 + -31. Let j = -6 - g. Suppose -4*b = -j*d + 4, -3*d = 3*b + 7 - 46. List the prime factors of d.
2
List the prime factors of 1*-3 - (-299 - -1).
5, 59
Let k(a) = a**2 - 6*a - 18. Let t be k(8). Let z(x) = -2*x**2 - 3*x**3 + 3*x - 2 - 4*x + 2*x. List the prime factors of z(t).
2, 3
Let z(d) = d**3 + 2*d**2 - d - 4. Let u be z(-3). Let p = 22 + u. What are the prime factors of p?
2, 3
Let t(w) = -12*w - 3. List the prime factors of t(-8).
3, 31
Let b be -2 - (-3 - (1 + -1)). Let d = 1 - b. Suppose 3*g - 2 = -5*v, 3*v + 33 = 2*g - d*v. List the prime factors of g.
3
List the prime factors of 3 + (-70)/25 + 2288/10.
229
Let f(v) = v. Let u(j) = j + 6. Let g(p) = -3*f(p) + u(p). List the prime factors of g(-5).
2
Suppose -5*i - 4*d = -290, 0 = 3*i - 3*d - 44 - 103. Let u(g) = -g + 2. Let c be u(4). What are the prime factors of (c/(-6))/(6/i)?
3
Suppose -5*k - 7 - 3 = 3*b, 0 = -k - 2. Suppose -g + b*g = -3*h + 15, 2*h - 2*g = 10. What are the prime factors of h?
5
Let t be 1*2*4/2. Let i(l) = 3*l + 2*l**3 + 0*l**3 - l**3 - 5*l**2 + 3*l - 5. List the prime factors of i(t).
3
Let q = 10 - 2. What are the prime factors of q?
2
Let d = -5 + 12. Suppose 2*l - d*l = -5. Suppose g + l = 13. What are the prime factors of g?
2, 3
Let u(t) = -13*t - 1. Let n be u(-1). Let x(y) = -y**2 - 10*y - 6. Let g be x(-6). Let h = g - n. What are the prime factors of h?
2, 3
Suppose -3*k + 6*k = -2*o + 46, 0 = -3*o - 5*k + 70. Let l = 41 - o. Suppose -3*p + l = -0*p. List the prime factors of p.
7
Let r(t) = 37*t**3 - 1. What are the prime factors of r(1)?
2, 3
Let y(i) = i - 5. Let d be y(7). Suppose 5*j + 2*r = 38, 2*j = -d*r - 9 + 29. What are the prime factors of j?
2, 3
Let w = -31 + 66. What are the prime factors of w?
5, 7
Let r(c) = 2*c**2 + 3*c - 3. Let d be r(-3). Let a be d/(-12)*(1 - 5). Suppose 10 = 3*g - a*g. What are the prime factors of g?
2, 5
Let p = -1 - 3. Let u be 7 - (-2)/(p + 2). Suppose 5*o - 19 = u. List the prime factors of o.
5
Suppose -3*k - 16 = -43. What are the prime factors of k?
3
Let r be (-4)/(-3 - (-2 - 2)). Let d(n) = -2*n - 3. Let q be d(r). Let l = q - -7. What are the prime factors of l?
2, 3
Suppose -18 = -3*j - 3. Suppose -2*q = -q - j. Suppose -q = -o + 8. What are the prime factors of o?
13
Let q(i) = -i**3 - i**2 + 33. Let v be q(0). Suppose -4*a + v = -11. What are the prime factors of a?
11
Let s be 19 - 8/(4/(-2)). Suppose s = 2*h - h. What are the prime factors of h?
23
Let b be 2 + 18 + 3 + 1. Let f = -1 - 2. List the prime factors of (f/(-9))/(2/b).
2
Let u be 1/(2/2) - -4. Suppose 0 = 3*g - 4 - 32. Suppose 2*h + 3*m + 0 - u = 0, -4*h = 4*m - g. What are the prime factors of h?
2
Let m be 6/2 - -21 - 3. List the prime factors of (m - 2)*(-2)/(-2).
19
Let r = -121 - -185. List the prime factors of r.
2
Suppose -2*k + 11 = 47. Let g = k - -13. Let c = 3 - g. List the prime factors of c.
2
List the prime factors of 3 + (-2164)/(-28) + (-4)/14.
2, 5
Let r = 21 - 13. Suppose -3*f + f = r, -5*d - 28 = 2*f. Let x = 3 - d. List the prime factors of x.
7
Let m(n) = 2*n - 8. Let c be (-25)/(-4) + (-1)/4. Let q be m(c). Suppose 0 = 3*w - 22 + q. List the prime factors of w.
2, 3
Let h = 20 - 3. List the prime factors of h.
17
Let f be (2/4)/((-2)/(-64)). Suppose x = -3*x + f. Suppose -13 = -x*l + 3. What are the prime factors of l?
2
List the prime factors of 3/9*51 + -4.
13
Suppose 0 = -5*m - 2 - 8. Let y(q) = q**2 + 2*q + 2. What are the prime factors of y(m)?
2
Suppose k + k = 0. Suppose r - 7 + 3 = k. Suppose 3*z + 0*z - 5*j - 88 = 0, -r*j = 2*z - 22. List the prime factors of z.
3, 7
Suppose -5*m - 130 + 18 = -3*l, l + 5*m = 24. What are the prime factors of l?
2, 17
Let v(j) be the third derivative of -j**6/120 + 7*j**5/60 - j**4/8 + j**3/3 + 6*j**2. List the prime factors of v(6).
2, 5
Let k = 178 - 117. List the prime factors of k.
61
Suppose -5*a - 5 = n + n, 0 = -3*n + 4*a + 27. Suppose -n*q = 21 - 66. What are the prime factors of q?
3
Suppose -3*x + 5*l = -65, 2*l = 3*x - 5*x + 70. List the prime factors of x.
2, 3, 5
Let c(z) = 4*z**2 + 4*z + 3. Let n be ((-1)/(-2))/(1/14). Let p = 5 - n. List the prime factors of c(p).
11
Let r = -67 + 115. What are the prime factors of r?
2, 3
Let r be 5 + (1 - -1) + -1. Suppose 3*u + 27 = r*u. List the prime factors of u.
3
Let r = 190 - 29. List the prime factors of r.
7, 23
Let n(o) be the first derivative of 1/4*o**4 - 2 - 11/3*o**3 + 5*o**2 + 9*o. What are the prime factors of n(10)?
3
Let g(l) = l - 3. Let h be g(8). Suppose -4*n + 42 = h*y, 8*n + y - 42 = 3*n. What are the prime factors of (-22)/n*(-5 - -1)?
11
Suppose 2*q + 50 = -148. List the prime factors of ((-5)/3)/(11/q).
3, 5
Let y = 11 - 6. Suppose y = 3*r - 2*r. Suppose 0*q - r*q + 32 = -2*t, -3*q = -2*t - 20. List the prime factors of q.
2, 3
Suppose 4 = -x + 10. List the prime factors of x/(-4) - 280/(-16).
2
Suppose -38 = l - 15. Suppose 5*f = 2*f - 36. Let k = f - l. List the prime factors of k.
11
Let v(q) = q**3 - 8*q**2 - 9*q + 3. Suppose -2*x = -d - 4*x + 6, 0 = -3*d + 3*x + 18. Suppose -15 + d = -f. List the prime factors of v(f).
3
Let y(a) = -a**2 + 6*a - 1. Let x be 40/12*(1 - -2). Let i = x + -7. What are the prime factors of y(i)?
2
Suppose -8*u + 8 = -3*u + 4*y, -2*u + 4*y = 8. Suppose u*t - 5*b = t - 10, 2*t - 2*b - 8 = 0. Suppose -t*z + 10 = -3*z. What are the prime factors of z?
5
Suppose 16 + 14 = v. List the prime factors of v.
2, 3, 5
Let h = 430 - 242. What are the prime factors of h?
2, 47
Suppose -x + 4*x - 81 = 0. Let w = x - -5. What are the prime factors of w?
2
Let i(b) be the second derivative of -b**4/12 + b**3 + 5*b**2/2 + 2*b. Let q be i(7). Let v(o) = 2*o**2 + 2*o + 1. List the prime factors of v(q).
5
Let g(j) = j**3 - 11*j**2 + 15*j - 5. What are the prime factors of g(11)?
2, 5
Suppose 3*f - 43 = 5. Suppose f - 4 = s. What are the prime factors of s?
2, 3
Suppose -8 = -t + 8. Suppose 2*l + 540 = 5*l. List the prime factors of l/t + 2/(-8).
11
Suppose 5*w + 4 = t - 0, -t + 4 = 0. Suppose z + 2 = -w, 3*l = 5*z + 31. Suppose 0 = 3*h + 2*i - 43 + l, i = -2*h + 23. List the prime factors of h.
2, 5
Let p(l) = 3*l**2 + l + 3. Let a